at is the highest common factor of 1169 and 4?
1
Calculate the greatest common divisor of 125830 and 190.
10
Calculate the greatest common divisor of 298 and 98489.
149
What is the greatest common divisor of 44082 and 1209?
93
What is the greatest common factor of 309622 and 10430?
298
Calculate the highest common factor of 296 and 29156.
148
What is the greatest common divisor of 2896 and 816?
16
Calculate the greatest common factor of 35 and 3655.
5
Calculate the highest common factor of 108272 and 909.
101
What is the greatest common divisor of 429 and 6721?
143
What is the highest common divisor of 47 and 110309?
47
What is the greatest common factor of 47 and 459848?
47
What is the highest common factor of 117147 and 850?
17
Calculate the highest common divisor of 444846 and 1359.
453
Calculate the greatest common factor of 13471 and 6308.
19
What is the highest common factor of 132 and 108834?
66
What is the greatest common factor of 615079 and 89?
89
Calculate the greatest common factor of 65 and 96265.
65
What is the greatest common divisor of 266112 and 1659?
21
What is the highest common divisor of 244 and 22584?
4
Calculate the greatest common divisor of 62385 and 60.
15
What is the greatest common factor of 1194 and 546?
6
What is the greatest common divisor of 7474 and 56257?
101
What is the greatest common factor of 9560 and 2680?
40
What is the highest common factor of 49 and 560707?
49
Calculate the highest common factor of 7840 and 8512.
224
Calculate the greatest common factor of 1143064 and 4548.
1516
What is the greatest common divisor of 8220 and 8905?
685
Calculate the highest common factor of 678 and 1764.
6
What is the greatest common factor of 632 and 57986?
158
Calculate the highest common factor of 8989 and 12221.
101
Calculate the highest common divisor of 81712 and 256.
16
Calculate the greatest common divisor of 322 and 306866.
322
What is the highest common factor of 3375 and 30060?
45
What is the highest common divisor of 1585578 and 24?
6
Calculate the greatest common divisor of 612 and 1800.
36
What is the highest common divisor of 6 and 656490?
6
What is the highest common factor of 198 and 10974051?
99
Calculate the greatest common factor of 350 and 5585650.
350
Calculate the greatest common factor of 18 and 1792323.
9
What is the greatest common divisor of 6474 and 5478?
498
Calculate the highest common factor of 64407 and 105.
21
Calculate the greatest common factor of 344421 and 84.
21
What is the highest common divisor of 216 and 64728?
72
What is the highest common factor of 3145 and 1360?
85
Calculate the highest common factor of 1024 and 322832.
16
Calculate the highest common divisor of 154 and 103334.
154
Calculate the greatest common factor of 42573 and 115.
23
What is the highest common divisor of 26 and 233805?
13
What is the greatest common divisor of 117094 and 2032?
254
Calculate the highest common divisor of 17201 and 668.
167
What is the greatest common divisor of 52584 and 4?
4
What is the highest common divisor of 46072 and 768?
8
Calculate the highest common divisor of 1764 and 15386.
98
Calculate the highest common factor of 152 and 94772.
76
Calculate the greatest common divisor of 5063 and 427.
61
Calculate the greatest common divisor of 24 and 147624.
24
What is the highest common factor of 490 and 215390?
70
Calculate the highest common divisor of 169983 and 35451.
909
What is the greatest common divisor of 666 and 88182?
18
Calculate the highest common divisor of 2484 and 2009280.
276
What is the greatest common factor of 300 and 13092?
12
What is the greatest common factor of 6550 and 520?
10
What is the highest common factor of 48544 and 56?
8
What is the greatest common divisor of 68 and 15436?
68
Calculate the greatest common divisor of 14516 and 4202.
382
What is the greatest common factor of 7869 and 12?
3
What is the greatest common factor of 26992 and 12264?
56
What is the highest common divisor of 940 and 1071600?
940
What is the greatest common factor of 118464 and 1344?
192
Calculate the highest common factor of 5125 and 250.
125
What is the highest common divisor of 44 and 3773?
11
Calculate the highest common divisor of 7680 and 93080.
40
Calculate the greatest common factor of 2565 and 11010.
15
Calculate the greatest common factor of 159 and 477159.
159
Calculate the greatest common divisor of 14 and 3649618.
14
Calculate the greatest common divisor of 18 and 154026.
18
Calculate the greatest common divisor of 3089094 and 1992.
498
What is the greatest common divisor of 101146 and 6?
2
Calculate the greatest common divisor of 952 and 338744.
56
Calculate the greatest common divisor of 278 and 2086390.
278
What is the highest common divisor of 882 and 273042?
126
Calculate the highest common factor of 348 and 4998498.
174
Calculate the greatest common factor of 3495 and 1245.
15
What is the highest common factor of 1014 and 25662?
78
Calculate the greatest common factor of 32874 and 12.
6
Calculate the highest common factor of 45585 and 95.
5
Calculate the greatest common factor of 848 and 31664.
16
Calculate the highest common factor of 90 and 150330.
30
What is the greatest common factor of 540 and 244890?
270
What is the greatest common factor of 480 and 105?
15
What is the greatest common factor of 75749 and 211?
211
Calculate the greatest common factor of 270388 and 92.
92
What is the highest common factor of 1228976 and 7?
7
Calculate the highest common divisor of 52702 and 598.
26
What is the highest common divisor of 31456837 and 19?
19
Calculate the greatest common factor of 2337 and 6403.
19
What is the greatest common factor of 1539 and 69012?
81
Calculate the greatest common factor of 3 and 10839.
3
What is the highest common factor of 340556 and 437?
19
Calculate the highest common factor of 1310625 and 200.
25
What is the highest common divisor of 904 and 648?
8
What is the greatest common factor of 95207 and 406?
203
What is the highest common divisor of 522 and 1422?
18
What is the greatest common factor of 17363 and 4462?
97
What is the highest common divisor of 80 and 143488?
16
Calculate the greatest common divisor of 1692 and 105562.
94
What is the highest common divisor of 4123 and 6727?
217
What is the greatest common divisor of 1218 and 351190?
406
Calculate the highest common factor of 9 and 3414.
3
Calculate the greatest common divisor of 16415 and 245.
245
What is the greatest common divisor of 319 and 1705?
11
Calculate the highest common divisor of 111157 and 58.
29
What is the highest common factor of 9912 and 8568?
168
Calculate the highest common factor of 11525 and 127697.
461
What is the highest common factor of 21904 and 19684?
148
What is the highest common divisor of 133 and 98203?
7
Calculate the highest common factor of 48925 and 13300.
475
Calculate the greatest common divisor of 488 and 1780468.
244
Calculate the highest common divisor of 219 and 1878509.
73
What is the highest common divisor of 258 and 113262?
258
What is the greatest common divisor of 647 and 683?
1
Calculate the highest common factor of 1529 and 139.
139
What is the greatest common divisor of 70373 and 11?
1
Calculate the greatest common divisor of 72 and 188712.
72
Calculate the greatest common divisor of 162605 and 50.
5
Calculate the greatest common factor of 39 and 870727.
13
Calculate the greatest common divisor of 20 and 1083100.
20
Calculate the greatest common factor of 4884 and 396.
132
Calculate the greatest common divisor of 86481 and 135.
27
Calculate the highest common factor of 20 and 6544.
4
What is the highest common factor of 35 and 12964?
7
Calculate the highest common factor of 8099 and 219401.
91
What is the highest common factor of 11130 and 45?
15
What is the greatest common divisor of 160948 and 1?
1
What is the greatest common factor of 5416 and 2152?
8
What is the highest common factor of 324084 and 26668?
452
What is the greatest common factor of 4270 and 39650?
610
What is the greatest common factor of 56261 and 50059?
443
Calculate the greatest common divisor of 2497 and 25197.
227
What is the highest common divisor of 4900 and 2548?
196
What is the greatest common factor of 805 and 29440?
115
What is the greatest common factor